{"id":2873,"date":"2019-12-18T14:47:10","date_gmt":"2019-12-18T13:47:10","guid":{"rendered":"https:\/\/iessanguesa.educacion.navarra.es\/web1\/?page_id=2873"},"modified":"2023-07-09T14:02:50","modified_gmt":"2023-07-09T12:02:50","slug":"donde-estamos","status":"publish","type":"page","link":"https:\/\/iessanguesa.educacion.navarra.es\/web1\/donde-estamos\/","title":{"rendered":"\u00bfD\u00f3nde estamos?"},"content":{"rendered":"\n<p>I.E.S. Sierra de Leyre<\/p>\n\n\n\n<p>Avda. Pr\u00edncipe de Viana, n\u00ba 14.<\/p>\n\n\n\n<p>31400 Sang\u00fcesa  Navarra.<\/p>\n\n\n\n<p>Tel: 848 43 19 00<\/p>\n\n\n\n<p>Contacto:        <\/p>\n\n\n\n<p>  E-mail centro:&nbsp;<a rel=\"noreferrer noopener\" href=\"mailto:iessan.admin@educacion.navarra.es\" target=\"_blank\">ies.sanguesa@educacion.navarra.es<\/a><\/p>\n\n\n\n<h1>Administraci\u00f3n<\/h1>\n\n\n\n<p><strong>Horario de oficina:<\/strong><\/p>\n\n\n\n<p>De lunes a viernes de 8:30 a 14:30 h<\/p>\n\n\n\n<p><strong>E-mail administraci\u00f3n:&nbsp;<\/strong><a rel=\"noreferrer noopener\" href=\"mailto:d0829313@educacion.navarra.es\" target=\"_blank\">iessan.admin@educacion.navarra.es<\/a><\/p>\n\n\n\n<iframe loading=\"lazy\" src=\"https:\/\/www.google.com\/maps\/embed?pb=!1m18!1m12!1m3!1d374691.1907648405!2d-1.898957840299984!3d42.80367596478644!2m3!1f0!2f0!3f0!3m2!1i1024!2i768!4f13.1!3m3!1m2!1s0xd50aa2e90d6b545%3A0xbc208ecf4e3fcb7f!2sInstituto+de+Educaci%C3%B3n+Secundaria+Ies+Sierra+de+Leyre!5e0!3m2!1ses!2ses!4v1474653443769\" width=\"700\" height=\"400\" frameborder=\"0\" style=\"border:0\" allowfullscreen=\"\"><\/iframe>\n\n\n\n<p>Avda. Pr\u00edncipe de Viana, n\u00ba 14.<\/p>\n\n\n\n<p>31400 Sang\u00fcesa  Navarra.<\/p>\n\n\n\n<p>Tel: 848 43 19 00<\/p>\n\n\n\n<p>E-mail:\u00a0 <a rel=\"noreferrer noopener\" href=\"mailto:ies.sanguesa@educacion.navarra.es\" target=\"_blank\">ies.sanguesa@educacion.navarra.es<\/a><\/p>\n","protected":false},"excerpt":{"rendered":"<p>I.E.S. Sierra de Leyre Avda. Pr\u00edncipe de Viana, n\u00ba 14. 31400 Sang\u00fcesa Navarra. Tel: 848 43 19 00 Contacto: E-mail centro:&nbsp;ies.sanguesa@educacion.navarra.es Administraci\u00f3n Horario de oficina: De lunes a viernes de 8:30 a 14:30 h E-mail administraci\u00f3n:&nbsp;iessan.admin@educacion.navarra.es Avda. Pr\u00edncipe de Viana, n\u00ba 14. 31400 Sang\u00fcesa Navarra. Tel: 848 43 19 00 E-mail:\u00a0 ies.sanguesa@educacion.navarra.es<\/p>\n","protected":false},"author":1,"featured_media":0,"parent":0,"menu_order":0,"comment_status":"closed","ping_status":"closed","template":"","meta":{"_genesis_hide_title":false,"_genesis_hide_breadcrumbs":false,"_genesis_hide_singular_image":false,"_genesis_hide_footer_widgets":false,"_genesis_custom_body_class":"","_genesis_custom_post_class":"","_genesis_layout":""},"_links":{"self":[{"href":"https:\/\/iessanguesa.educacion.navarra.es\/web1\/wp-json\/wp\/v2\/pages\/2873"}],"collection":[{"href":"https:\/\/iessanguesa.educacion.navarra.es\/web1\/wp-json\/wp\/v2\/pages"}],"about":[{"href":"https:\/\/iessanguesa.educacion.navarra.es\/web1\/wp-json\/wp\/v2\/types\/page"}],"author":[{"embeddable":true,"href":"https:\/\/iessanguesa.educacion.navarra.es\/web1\/wp-json\/wp\/v2\/users\/1"}],"replies":[{"embeddable":true,"href":"https:\/\/iessanguesa.educacion.navarra.es\/web1\/wp-json\/wp\/v2\/comments?post=2873"}],"version-history":[{"count":11,"href":"https:\/\/iessanguesa.educacion.navarra.es\/web1\/wp-json\/wp\/v2\/pages\/2873\/revisions"}],"predecessor-version":[{"id":5521,"href":"https:\/\/iessanguesa.educacion.navarra.es\/web1\/wp-json\/wp\/v2\/pages\/2873\/revisions\/5521"}],"wp:attachment":[{"href":"https:\/\/iessanguesa.educacion.navarra.es\/web1\/wp-json\/wp\/v2\/media?parent=2873"}],"curies":[{"name":"wp","href":"https:\/\/api.w.org\/{rel}","templated":true}]}}